st the prime factors of 1286.
2, 643
What are the prime factors of 210?
2, 3, 5, 7
What are the prime factors of 743?
743
List the prime factors of 3877.
3877
What are the prime factors of 21216?
2, 3, 13, 17
List the prime factors of 28300.
2, 5, 283
List the prime factors of 9074.
2, 13, 349
List the prime factors of 77.
7, 11
What are the prime factors of 34746?
2, 3, 5791
What are the prime factors of 259?
7, 37
List the prime factors of 175526.
2, 13, 43, 157
What are the prime factors of 22570?
2, 5, 37, 61
What are the prime factors of 1416?
2, 3, 59
List the prime factors of 23732.
2, 17, 349
What are the prime factors of 494?
2, 13, 19
What are the prime factors of 8831?
8831
What are the prime factors of 12772?
2, 31, 103
List the prime factors of 965.
5, 193
List the prime factors of 5113.
5113
List the prime factors of 2800.
2, 5, 7
What are the prime factors of 4620?
2, 3, 5, 7, 11
List the prime factors of 1170.
2, 3, 5, 13
List the prime factors of 34983.
3, 13, 23
What are the prime factors of 1367?
1367
What are the prime factors of 2173?
41, 53
What are the prime factors of 87?
3, 29
What are the prime factors of 5774?
2, 2887
What are the prime factors of 6675?
3, 5, 89
What are the prime factors of 32262?
2, 3, 19, 283
List the prime factors of 59009.
59009
List the prime factors of 11675.
5, 467
What are the prime factors of 4111?
4111
What are the prime factors of 135?
3, 5
What are the prime factors of 97?
97
What are the prime factors of 52731?
3, 7, 31
List the prime factors of 1037.
17, 61
List the prime factors of 2979.
3, 331
What are the prime factors of 1017?
3, 113
List the prime factors of 24979.
24979
List the prime factors of 3567.
3, 29, 41
What are the prime factors of 133396?
2, 33349
List the prime factors of 73865.
5, 11, 17, 79
List the prime factors of 4531.
23, 197
What are the prime factors of 150699?
3, 191, 263
List the prime factors of 24.
2, 3
List the prime factors of 3286.
2, 31, 53
What are the prime factors of 89858?
2, 179, 251
List the prime factors of 5469.
3, 1823
List the prime factors of 1172.
2, 293
List the prime factors of 6243.
3, 2081
List the prime factors of 2526.
2, 3, 421
What are the prime factors of 11532?
2, 3, 31
What are the prime factors of 674?
2, 337
List the prime factors of 407.
11, 37
What are the prime factors of 4247?
31, 137
List the prime factors of 973.
7, 139
List the prime factors of 3078.
2, 3, 19
List the prime factors of 12541.
12541
List the prime factors of 139448.
2, 17431
List the prime factors of 946.
2, 11, 43
What are the prime factors of 68115?
3, 5, 19, 239
List the prime factors of 140898.
2, 3, 23, 1021
List the prime factors of 1206.
2, 3, 67
What are the prime factors of 70540?
2, 5, 3527
List the prime factors of 1257.
3, 419
List the prime factors of 18302.
2, 9151
List the prime factors of 879.
3, 293
List the prime factors of 33501.
3, 13, 859
What are the prime factors of 2134?
2, 11, 97
What are the prime factors of 6741?
3, 7, 107
What are the prime factors of 29232?
2, 3, 7, 29
List the prime factors of 10996.
2, 2749
List the prime factors of 28021.
7, 4003
List the prime factors of 198073.
198073
List the prime factors of 120355.
5, 24071
What are the prime factors of 536?
2, 67
What are the prime factors of 1570?
2, 5, 157
What are the prime factors of 1727?
11, 157
What are the prime factors of 768?
2, 3
What are the prime factors of 10342?
2, 5171
List the prime factors of 1450.
2, 5, 29
List the prime factors of 4726.
2, 17, 139
What are the prime factors of 23498?
2, 31, 379
What are the prime factors of 926?
2, 463
What are the prime factors of 15387?
3, 23, 223
What are the prime factors of 2694?
2, 3, 449
What are the prime factors of 19256?
2, 29, 83
List the prime factors of 3928.
2, 491
List the prime factors of 1433.
1433
List the prime factors of 34760.
2, 5, 11, 79
List the prime factors of 4191.
3, 11, 127
What are the prime factors of 347?
347
List the prime factors of 12734.
2, 6367
List the prime factors of 70947.
3, 7883
List the prime factors of 1807.
13, 139
List the prime factors of 4006.
2, 2003
List the prime factors of 11978.
2, 53, 113
What are the prime factors of 2138?
2, 1069
List the prime factors of 28927.
28927
What are the prime factors of 372?
2, 3, 31
List the prime factors of 62.
2, 31
List the prime factors of 16882.
2, 23, 367
What are the prime factors of 85987?
11, 7817
What are the prime factors of 55186?
2, 41, 673
What are the prime factors of 4625?
5, 37
List the prime factors of 11606.
2, 7, 829
List the prime factors of 1002.
2, 3, 167
What are the prime factors of 32563?
32563
List the prime factors of 937.
937
What are the prime factors of 2408?
2, 7, 43
List the prime factors of 12810.
2, 3, 5, 7, 61
List the prime factors of 45573.
3, 11, 1381
List the prime factors of 16567.
16567
What are the prime factors of 1055?
5, 211
List the prime factors of 2758.
2, 7, 197
What are the prime factors of 1180?
2, 5, 59
List the prime factors of 5948.
2, 1487
What are the prime factors of 26358?
2, 3, 23, 191
List the prime factors of 1271.
31, 41
List the prime factors of 3544.
2, 443
List the prime factors of 68257.
7, 199
What are the prime factors of 832?
2, 13
List the prime factors of 247.
13, 19
List the prime factors of 4016.
2, 251
What are the prime factors of 65094?
2, 3, 19, 571
What are the prime factors of 119213?
97, 1229
List the prime factors of 35039.
37, 947
What are the prime factors of 5820?
2, 3, 5, 97
What are the prime factors of 482?
2, 241
List the prime factors of 5958.
2, 3, 331
What are the prime factors of 20847?
3, 6949
What are the prime factors of 8205?
3, 5, 547
What are the prime factors of 673?
673
What are the prime factors of 9027?
3, 17, 59
List the prime factors of 293.
293
List the prime factors of 1061.
1061
What are the prime factors of 124323?
3, 29, 1429
What are the prime factors of 794?
2, 397
What are the prime factors of 97933?
11, 29, 307
List the prime factors of 66254.
2, 157, 211
List the prime factors of 190.
2, 5, 19
List the prime factors of 33029.
33029
What are the prime factors of 38530?
2, 5, 3853
List the prime factors of 5380.
2, 5, 269
List the prime factors of 266.
2, 7, 19
What are the prime factors of 3255?
3, 5, 7, 31
List the prime factors of 570.
2, 3, 5, 19
What are the prime factors of 28754?
2, 11, 1307
List the prime factors of 4322.
2, 2161
What are the prime factors of 1394?
2, 17, 41
What are the prime factors of 6174?
2, 3, 7
List the prime factors of 185491.
185491
What are the prime factors of 16021?
37, 433
What are the prime factors of 12541?
12541
What are the prime factors of 5479?
5479
List the prime factors of 1188.
2, 3, 11
List the prime factors of 28.
2, 7
What are the prime factors of 5266?
2, 2633
What are the prime factors of 3255?
3, 5, 7, 31
List the prime factors of 83340.
2, 3, 5, 463
What are the prime factors of 337?
337
What are the prime factors of 1911?
3, 7, 13
List the prime factors of 36734.
2, 18367
What are the prime factors of 696?
2, 3, 29
What are the prime factors of 11633?
11633
What are the prime factors of 45426?
2, 3, 67, 113
List the prime factors of 12214.
2, 31, 197
List the prime factors of 1894.
2, 947
What are the prime factors of 34781?
34781
What are the prime factors of 41771?
41771
What are the prime factors of 47?
47
What are the prime factors of 3202?
2, 1601
List the prime factors of 56.
2, 7
What are the prime factors of 17169?
3, 59, 97
What are the prime factors of 14600?
2, 5, 73
What are the prime factors of 68457?
3, 19, 1201
List the prime factors of 3399.
3, 11, 103
What are the prime factors of 1504?
2, 47
List the prime factors of 20794.
2, 37, 281
List the prime factors of 5537.
7, 113
What are the prime factors of 34465?
5, 61, 113
List the prime factors of 16871.
16871
What are the prime factors of 632?
2, 79
List the prime factors of 4443.
3, 1481
What are the prime factors of 12611?
12611
List the prime factors of 458.
2, 229
List the prime factors of 962.
2, 13, 37
What are the prime factors of 1777?
1777
What are the prime factors of 33390?
2, 3, 5, 7, 53
List the prime factors of 61762.
2, 30881
What are the prime factors of 4799?
4799
What are the pr